at are the prime factors of 3733295?
5, 746659
What are the prime factors of 2111011?
7, 97, 3109
List the prime factors of 1303837.
19, 163, 421
What are the prime factors of 2419293?
3, 73, 11047
List the prime factors of 1730922.
2, 3, 43, 6709
What are the prime factors of 3468414?
2, 3, 487, 1187
What are the prime factors of 13624?
2, 13, 131
List the prime factors of 4271327.
4271327
What are the prime factors of 825041?
7, 43, 2741
List the prime factors of 768570.
2, 3, 5, 11, 17, 137
List the prime factors of 344611.
344611
List the prime factors of 459437.
11, 3797
List the prime factors of 1003586.
2, 337, 1489
List the prime factors of 256612.
2, 64153
List the prime factors of 735755.
5, 147151
List the prime factors of 498504.
2, 3, 20771
What are the prime factors of 3388689?
3, 125507
List the prime factors of 761925.
3, 5, 10159
List the prime factors of 53608.
2, 6701
What are the prime factors of 1180205?
5, 13, 67, 271
List the prime factors of 10598498.
2, 1409, 3761
What are the prime factors of 5098290?
2, 3, 5, 169943
List the prime factors of 171623.
73, 2351
What are the prime factors of 6914525?
5, 276581
What are the prime factors of 8968039?
373, 24043
What are the prime factors of 1396568?
2, 174571
List the prime factors of 6183058.
2, 7, 441647
List the prime factors of 2400484.
2, 571, 1051
List the prime factors of 26748551.
4513, 5927
What are the prime factors of 3357100?
2, 5, 59, 569
List the prime factors of 145535.
5, 13, 2239
List the prime factors of 12296990.
2, 5, 19, 61, 1061
List the prime factors of 55929.
3, 103, 181
List the prime factors of 684433.
684433
What are the prime factors of 315787?
457, 691
What are the prime factors of 965508?
2, 3, 61, 1319
List the prime factors of 163429.
7, 37, 631
What are the prime factors of 15622107?
3, 41, 107, 1187
What are the prime factors of 14257261?
101, 141161
List the prime factors of 7405324.
2, 29, 63839
What are the prime factors of 396248?
2, 49531
List the prime factors of 12253052.
2, 7, 239, 1831
What are the prime factors of 265144?
2, 11, 23, 131
What are the prime factors of 35713005?
3, 5, 17, 43, 3257
What are the prime factors of 6365645?
5, 11, 13, 29, 307
What are the prime factors of 206015?
5, 41203
List the prime factors of 4311408.
2, 3, 89821
List the prime factors of 3629974.
2, 43, 42209
List the prime factors of 419924.
2, 61, 1721
What are the prime factors of 336091?
7, 19
What are the prime factors of 64506?
2, 3, 13, 827
List the prime factors of 2928988.
2, 43, 17029
What are the prime factors of 2721101?
1103, 2467
What are the prime factors of 245046?
2, 3, 40841
What are the prime factors of 928987?
751, 1237
List the prime factors of 227040.
2, 3, 5, 11, 43
List the prime factors of 33705092.
2, 313, 26921
What are the prime factors of 1514721?
3, 13, 38839
List the prime factors of 470363.
31, 15173
List the prime factors of 54105.
3, 5, 3607
List the prime factors of 18294.
2, 3, 3049
What are the prime factors of 12065262?
2, 3, 11, 31, 5897
List the prime factors of 760104.
2, 3, 17, 23
List the prime factors of 8249085.
3, 5, 13, 59, 239
What are the prime factors of 13872222?
2, 3, 7, 13, 941
List the prime factors of 610932.
2, 3, 7, 1039
What are the prime factors of 969023?
11, 88093
What are the prime factors of 75759?
3, 25253
List the prime factors of 18368220.
2, 3, 5, 13, 23549
What are the prime factors of 69105?
3, 5, 17, 271
List the prime factors of 15290898.
2, 3, 7, 364069
List the prime factors of 320216.
2, 13, 3079
What are the prime factors of 222709?
23, 421
List the prime factors of 11453154.
2, 3, 953, 2003
What are the prime factors of 48789?
3, 13, 139
What are the prime factors of 2005031?
7, 17, 29, 83
List the prime factors of 147980.
2, 5, 7, 151
What are the prime factors of 302726?
2, 23, 6581
List the prime factors of 2558893.
53, 48281
What are the prime factors of 2122427?
2122427
List the prime factors of 563730.
2, 3, 5, 19, 23, 43
List the prime factors of 1052551.
1052551
List the prime factors of 785949.
3, 261983
List the prime factors of 5053468.
2, 7, 19, 23, 59
What are the prime factors of 20829517?
41, 508037
What are the prime factors of 2301690?
2, 3, 5, 73, 1051
What are the prime factors of 595861?
7, 23, 3701
What are the prime factors of 375453?
3, 13, 3209
What are the prime factors of 7501479?
3, 43, 58151
What are the prime factors of 17584?
2, 7, 157
What are the prime factors of 1846285?
5, 7, 17, 29, 107
List the prime factors of 350714.
2, 7, 13, 41, 47
What are the prime factors of 97142?
2, 48571
What are the prime factors of 24680853?
3, 2742317
What are the prime factors of 64900?
2, 5, 11, 59
What are the prime factors of 913624?
2, 114203
List the prime factors of 4248050.
2, 5, 84961
List the prime factors of 9923236.
2, 61, 67, 607
List the prime factors of 300313.
13, 1777
What are the prime factors of 21191453?
109, 433, 449
What are the prime factors of 2703858?
2, 3, 450643
List the prime factors of 285409.
269, 1061
List the prime factors of 329030.
2, 5, 13, 2531
What are the prime factors of 513792?
2, 3, 223
What are the prime factors of 686690?
2, 5, 68669
List the prime factors of 539437.
41, 59, 223
What are the prime factors of 11167902?
2, 3, 206813
List the prime factors of 32999753.
32999753
List the prime factors of 555110.
2, 5, 55511
List the prime factors of 984811.
29, 1171
List the prime factors of 6078864.
2, 3, 11, 29, 397
List the prime factors of 11431852.
2, 71, 40253
What are the prime factors of 600319?
600319
List the prime factors of 37855061.
31, 1221131
What are the prime factors of 181300?
2, 5, 7, 37
What are the prime factors of 780544?
2, 3049
List the prime factors of 16466613.
3, 5488871
List the prime factors of 35690926.
2, 571, 31253
List the prime factors of 14463984.
2, 3, 301333
List the prime factors of 46775.
5, 1871
What are the prime factors of 2496886?
2, 7, 178349
What are the prime factors of 3683999?
11, 179, 1871
List the prime factors of 10490.
2, 5, 1049
List the prime factors of 371407.
137, 2711
What are the prime factors of 394800?
2, 3, 5, 7, 47
List the prime factors of 7313251.
11, 67, 9923
List the prime factors of 906423.
3, 7, 17, 2539
List the prime factors of 7762784.
2, 367, 661
What are the prime factors of 789219?
3, 87691
What are the prime factors of 2444577?
3, 814859
What are the prime factors of 450859?
450859
List the prime factors of 216440.
2, 5, 7, 773
What are the prime factors of 91938?
2, 3, 7, 11, 199
What are the prime factors of 212989?
7, 30427
List the prime factors of 48130.
2, 5, 4813
What are the prime factors of 21020861?
73, 151, 1907
List the prime factors of 1281168.
2, 3, 7, 31, 41
List the prime factors of 10408692.
2, 3, 7, 17, 37, 197
List the prime factors of 1845047.
1845047
What are the prime factors of 383791?
383791
What are the prime factors of 14796773?
43, 344111
List the prime factors of 696490.
2, 5, 17, 241
What are the prime factors of 1430298?
2, 3, 109
List the prime factors of 3565898.
2, 7, 29, 8783
List the prime factors of 226132.
2, 56533
List the prime factors of 1804317.
3, 601439
What are the prime factors of 122827?
122827
List the prime factors of 167908.
2, 13, 3229
List the prime factors of 986862.
2, 3, 164477
List the prime factors of 17725106.
2, 7, 1266079
What are the prime factors of 20162435?
5, 347, 11621
What are the prime factors of 5409502?
2, 7, 17, 191
List the prime factors of 51158.
2, 25579
List the prime factors of 15229021.
59, 258119
What are the prime factors of 4098939?
3, 13, 227, 463
What are the prime factors of 162792?
2, 3, 7, 17, 19
What are the prime factors of 473549?
473549
What are the prime factors of 18801164?
2, 29, 162079
What are the prime factors of 466608?
2, 3, 9721
List the prime factors of 3562980.
2, 3, 5, 43, 1381
List the prime factors of 187007.
43, 4349
What are the prime factors of 3014303?
3014303
What are the prime factors of 940668?
2, 3, 43, 1823
List the prime factors of 527562.
2, 3, 7, 53, 79
What are the prime factors of 1164323?
1164323
List the prime factors of 294859.
294859
What are the prime factors of 2688955?
5, 53, 73, 139
List the prime factors of 439296.
2, 3